en m is divided by 15.
10
Suppose -4*o - 68 = -100. Calculate the remainder when 239 is divided by o.
7
Calculate the remainder when 77 is divided by 2/(-4)*15*-2.
2
Let s(p) = 20*p - 1. Let n be s(4). Suppose -7 + n = 4*x. Calculate the remainder when 70 is divided by x.
16
Suppose 4*c + 34 - 158 = 5*v, 5*c - 160 = 5*v. What is the remainder when 250 is divided by c?
34
Let m be (345/20)/((-2)/8). Let k = m + 76. What is the remainder when 16 is divided by k?
2
Let o = 357 + -333. Calculate the remainder when 95 is divided by o.
23
Let t(k) = -10*k**3 - 7*k**2 - 15*k + 7. Calculate the remainder when t(-5) is divided by 43.
39
Suppose 5*u = 5*n - 10, u - 3*n + 6 = -u. Suppose u = -m - 3 + 6. Let i(x) = 3*x**2 - 3*x - 2. Calculate the remainder when i(m) is divided by 9.
7
Suppose -5*h - 5*h + 540 = 0. Let u = 3 + 0. Suppose -9 = 3*i, -2*i - h = -u*t + 2*i. What is the remainder when t is divided by 3?
2
Let k(s) = s**3 - s**2 - 3*s + 1. Let g = -2298 - -2308. Calculate the remainder when k(4) is divided by g.
7
Let b(s) = s + 40. Let r be b(-13). Let y = r - -57. Calculate the remainder when y is divided by 30.
24
Let g(v) = v**2 + 2*v - 14. What is the remainder when 39 is divided by g(4)?
9
What is the remainder when 1274 is divided by (-1)/(-4) - 67*(-7)/28?
16
Calculate the remainder when (-36)/84 + 2036/14 - 0 is divided by 49.
47
Suppose l = 5 - 1. Suppose -28 = -2*t + l*y, -3*t + 44 = -y + 17. Let v(k) = k**3 + 7*k**2 - 1321*k - 37. What is the remainder when t is divided by v(-40)?
2
Suppose -9*m + 3*m + 30 = 0. Suppose 0*a - m = d - 4*a, 0 = -a + 5. Calculate the remainder when 43 is divided by d.
13
Let b(z) = 186*z**3 - 2*z**2 + 1. What is the remainder when b(1) is divided by 6?
5
Let f(m) = 8*m - 13. Let v = 36 - 32. Suppose -12*k = -13*k + v. Calculate the remainder when 75 is divided by f(k).
18
Let l = -1063 - -1144. Calculate the remainder when 1213 is divided by l.
79
Let y = -21 - 0. Let b = y - -37. Suppose 41 = 4*c - 75. What is the remainder when c is divided by b?
13
Suppose -5*w - 4*b = -41, -b - 3*b + 1 = -3*w. Suppose 0*f - 5*m - 190 = w*f, -5*m + 240 = -5*f. What is the remainder when (-6)/(f/(-15) - 3) is divided by 24?
21
Suppose -4*s = 3*s - 448. Suppose -m - m + s = 0. Calculate the remainder when m is divided by 7.
4
Let p(g) = g**3 + 9*g**2 - 792*g + 42. Let i be -19*(-3 + 2)/1. Suppose -2*y + i = 1. Calculate the remainder when p(-33) is divided by y.
6
Let l = 591 - 537. What is the remainder when l is divided by 30?
24
Suppose -2*x = 2*x - 28. Let y(v) = 8*v**2 + 7*v + 2*v**2 - x*v. Calculate the remainder when y(-1) is divided by 4.
2
Let r = 13 - -2. Suppose -3*x = 11 - 32. What is the remainder when r is divided by x?
1
Let t = 13 + -87. Suppose 626*q - 632*q + 90 = 0. What is the remainder when q is divided by (-2)/8 - t/8?
6
Let q(s) = s**2 - 11*s + 5. Let d be q(9). Let h = d + 55. Calculate the remainder when h is divided by 11.
9
Let c be ((-1)/(-1))/(-1 + 25/30). Calculate the remainder when 10 is divided by 2/(-6)*(12 + -10)*c.
2
Let o = 34 + -30. Suppose 0 = -3*n - 0*h + o*h - 106, -5*h = -2*n - 80. What is the remainder when 78 is divided by 20/(-150) + (-814)/n?
24
Suppose 4*a = f + 31, -4*f + 55 - 11 = 5*a. Suppose -15 + a = -r. What is the remainder when 76 is divided by r?
6
Calculate the remainder when 44 is divided by (-32)/12*6/4*-8.
12
Suppose q + 15 = 16*q. Let u = 39 + -15. Let r = u - q. What is the remainder when r is divided by 4?
3
Let c(y) = y**3 - 8*y**2 + 11*y - 129. What is the remainder when 305 is divided by c(9)?
50
Let x(o) = o**3 + 12*o**2 - 2*o - 11. What is the remainder when 136 is divided by x(-12)?
6
Suppose 3*v = 5*q - 32, -v - 20 = -q + 3*v. Suppose 4*j = -2*z + 22, -q*z + 6*j - j = -57. Let d = z + 2. Calculate the remainder when 57 is divided by d.
12
Let q(i) = 3*i - 61. Let v(p) = 13*p - 245. Let t(y) = -9*q(y) + 2*v(y). Let k(a) = a + 4. Calculate the remainder when t(22) is divided by k(4).
5
Let c be 10/(-8)*2*-2. Let d be (-1 - 4 - -4) + c. Suppose 2*f - d*w = 92, 2*w - 83 = -3*f - 3*w. Calculate the remainder when f is divided by 19.
17
Let s(x) = 3*x - 47. Let y(b) = -7*b + 93. Let t(q) = -13*s(q) - 6*y(q). What is the remainder when t(0) is divided by 8?
5
Let h(p) = -2*p + 1. Let s = 92 - 83. Calculate the remainder when 33 - (-2 + (s - 5)) is divided by h(-5).
9
Let f = 10780 - 10762. Let k = 129 - 66. What is the remainder when k is divided by f?
9
Calculate the remainder when 442/(-8)*(98 - 102) is divided by 79.
63
Suppose -17 = -2*g + 19. Let r = -15 - 0. What is the remainder when 354/5 + (-3)/r is divided by g?
17
Let l = 124 - 100. What is the remainder when 36 is divided by l?
12
Let o(x) = -x**2 - 4*x + 3. Let r be o(2). Let y = 45 + -37. Calculate the remainder when 66/r*12/(-4) is divided by y.
6
Let h(c) = c**2 + 3*c + 4. Let y be h(-2). Calculate the remainder when ((-11)/y)/((-9)/198) is divided by 1/(-4) - (-125)/4.
28
Let m(q) = 13*q - 6. Let y be m(-3). Let z = y + 53. Calculate the remainder when 21 is divided by z.
5
Let h be (-2)/1 + -31 + -135. Let w = h + 194. Suppose 429 = 5*a + 174. Calculate the remainder when a is divided by w.
25
Calculate the remainder when (-92)/(-69) - (2908/(-6) - -2) is divided by 122.
118
Let o(i) = i**3 + 6*i**2 + 12. Let f = -26 - -48. What is the remainder when f is divided by o(-6)?
10
Let i = 59 - 114. Suppose 0*r + r + 36 = -b, -b + r - 30 = 0. Calculate the remainder when (i/b)/(1/3) is divided by 3.
2
Let w be (-2)/(-8) - (22/(-8) - -3). Suppose 7*y - 232 - 349 = w. Calculate the remainder when y is divided by 24.
11
Let y be (5 - 8)/(6/(-8)). Suppose 0 = -y*x + 3*x + 2. Calculate the remainder when 2 is divided by x.
0
Suppose 0 = -3*l - 12*j + 8*j + 73, -2*l + 4*j = -62. Calculate the remainder when 512 is divided by l.
26
Suppose 91 + 31 = 2*g. Suppose -3*t + g = -284. Suppose 0 = c + 4*c - t. Calculate the remainder when c is divided by 12.
11
Let q(j) = -j**2 + 4*j + 7. Let n be q(5). Suppose m - 2*k - 46 = 0, -k - 64 - 22 = -2*m. Calculate the remainder when m is divided by n/5 - (-583)/55.
9
Calculate the remainder when (-3)/(-2) - 217/(-2) is divided by 57.
53
Suppose -2*v - 3*v = 2*y + 1, 0 = 3*y + 4*v + 5. Let m be ((-1 - -1)/y)/2. Suppose m = 3*g - 10 - 11. What is the remainder when 26 is divided by g?
5
Suppose 5 = -4*o - 3, -2 = -2*j - o. Let l be -2 - (j + -3 - -3). What is the remainder when 78/l*2/(-3) is divided by 9?
4
Let g = 4 + -5. What is the remainder when -3*(-1)/g + 65 is divided by 13?
10
Let o = 3 - 3. Calculate the remainder when 101 + o/(-2) - -2 is divided by 26.
25
Let c be 503/4 + (-3)/4. Suppose 0 = -3*j + c - 92. Let g = -31 + 62. Calculate the remainder when g is divided by j.
9
Suppose -2*f = -3*k - 0*f + 13, -2*k - f + 4 = 0. Suppose 4*q - k*q + 2*h = 9, -h = -q + 9. What is the remainder when q/15 + 404/10 is divided by 22?
19
Let v be 3 + (2 - 5) - -74. Let d = v - 58. Calculate the remainder when 109 is divided by d.
13
Calculate the remainder when 167 + -141 - (6 - (1 - 0)) is divided by 8.
5
Let n(o) be the first derivative of -o**4/4 + 3*o**3 + 13*o**2/2 - 5*o - 20. Calculate the remainder when n(9) is divided by 38.
36
Suppose 2*o - 4*c - 32 = o, 0 = -5*o + 2*c + 70. Suppose j = n - 51, -5 = -3*j + 4*j. Calculate the remainder when n is divided by o.
10
Let y(l) = -40*l - 87. Let j(t) = -t**2 - 6*t + 7. Calculate the remainder when y(-3) is divided by j(-6).
5
Let n(c) be the second derivative of -c**5/20 + 5*c**4/6 - c**3/2 + 3*c**2 - 115*c. Let a = -1 - -10. What is the remainder when n(a) is divided by 21?
18
Let p(f) = -f - 2. Suppose 5*z - 12 = -2*i, i = 3*z - 5*z + 4. Suppose -24*c + 22*c = -10. Calculate the remainder when c is divided by p(i).
1
Let t = 16 + -9. Let i = -1195 - -1234. Calculate the remainder when i is divided by t.
4
Let w(c) = -c**2 - 18*c - 69. Calculate the remainder when 66 is divided by w(-6).
0
Let j(b) = -11*b**3 - 3*b**2 - b. Let y be j(-4). Suppose y = -8*x + 13*x. What is the remainder when x is divided by 34?
30
Let k(s) = 2*s + 18. What is the remainder when 90 is divided by k(9)?
18
Calculate the remainder when 364 is divided by (72/(-48))/((1/10)/(-1)).
4
Suppose 0 = 2*d + 2*k + k - 168, d - 73 = 4*k. Calcula